{"id":38,"date":"2025-03-13T19:51:12","date_gmt":"2025-03-13T19:51:12","guid":{"rendered":"https:\/\/Nadira.Kadusic.pages.hak-schwaz.at\/?page_id=38"},"modified":"2025-04-16T10:51:09","modified_gmt":"2025-04-16T10:51:09","slug":"3-klasse-3","status":"publish","type":"page","link":"https:\/\/Nadira.Kadusic.pages.hak-schwaz.at\/?page_id=38","title":{"rendered":"3. Klasse"},"content":{"rendered":"\n<h2 class=\"wp-block-heading has-text-align-center\"><strong><em><mark style=\"background-color:rgba(0, 0, 0, 0)\" class=\"has-inline-color has-accent-2-color\">Adobe InDesign<\/mark><\/em><\/strong><\/h2>\n\n\n\n<p>Corporate Design<\/p>\n\n\n\n<h3 class=\"wp-block-heading\"><strong>5. Modul<\/strong><\/h3>\n\n\n\n<p>In der dritten Klasse haben wir mit Adobe InDesign gearbeitet, einem Programm zur Gestaltung von Drucksachen wie Plakaten oder Brosch\u00fcren. Im ersten Modul haben wir gelernt, wie man eine Visitenkarte erstellt, also mit Name, Adresse und Design. Au\u00dferdem haben wir Seiteneinstellungen kennengelernt, um das Layout f\u00fcr verschiedene Druckformate richtig anzupassen. Ein gro\u00dfes Projekt war das Erstellen eines Posters, bei dem wir Farben, Schriftarten und Bilder kombinieren mussten. Dabei haben wir das CRAP-Prinzip (Kontrast, Wiederholung, Anordnung und N\u00e4he) angewendet, das uns hilft, ein Design klar und \u00fcbersichtlich zu gestalten.<\/p>\n\n\n\n<figure class=\"wp-block-gallery has-nested-images columns-default is-cropped wp-block-gallery-1 is-layout-flex wp-block-gallery-is-layout-flex\">\n<figure class=\"wp-block-image size-large\"><img loading=\"lazy\" decoding=\"async\" width=\"1020\" height=\"1024\" data-id=\"110\" src=\"https:\/\/Nadira.Kadusic.pages.hak-schwaz.at\/wp-content\/uploads\/2025\/03\/1741901431594-8dff9ea7-9796-43e5-a7a3-9669f3943b4f_1.jpg\" alt=\"\" class=\"wp-image-110\" srcset=\"https:\/\/Nadira.Kadusic.pages.hak-schwaz.at\/wp-content\/uploads\/2025\/03\/1741901431594-8dff9ea7-9796-43e5-a7a3-9669f3943b4f_1.jpg 1020w, https:\/\/Nadira.Kadusic.pages.hak-schwaz.at\/wp-content\/uploads\/2025\/03\/1741901431594-8dff9ea7-9796-43e5-a7a3-9669f3943b4f_1-300x300.jpg 300w, https:\/\/Nadira.Kadusic.pages.hak-schwaz.at\/wp-content\/uploads\/2025\/03\/1741901431594-8dff9ea7-9796-43e5-a7a3-9669f3943b4f_1-150x150.jpg 150w, https:\/\/Nadira.Kadusic.pages.hak-schwaz.at\/wp-content\/uploads\/2025\/03\/1741901431594-8dff9ea7-9796-43e5-a7a3-9669f3943b4f_1-768x771.jpg 768w, https:\/\/Nadira.Kadusic.pages.hak-schwaz.at\/wp-content\/uploads\/2025\/03\/1741901431594-8dff9ea7-9796-43e5-a7a3-9669f3943b4f_1-299x300.jpg 299w\" sizes=\"auto, (max-width: 1020px) 100vw, 1020px\" \/><\/figure>\n\n\n\n<figure class=\"wp-block-image size-large\"><img loading=\"lazy\" decoding=\"async\" width=\"1020\" height=\"1024\" data-id=\"109\" src=\"https:\/\/Nadira.Kadusic.pages.hak-schwaz.at\/wp-content\/uploads\/2025\/03\/1741901431594-8dff9ea7-9796-43e5-a7a3-9669f3943b4f_2.jpg\" alt=\"\" class=\"wp-image-109\" srcset=\"https:\/\/Nadira.Kadusic.pages.hak-schwaz.at\/wp-content\/uploads\/2025\/03\/1741901431594-8dff9ea7-9796-43e5-a7a3-9669f3943b4f_2.jpg 1020w, https:\/\/Nadira.Kadusic.pages.hak-schwaz.at\/wp-content\/uploads\/2025\/03\/1741901431594-8dff9ea7-9796-43e5-a7a3-9669f3943b4f_2-300x300.jpg 300w, https:\/\/Nadira.Kadusic.pages.hak-schwaz.at\/wp-content\/uploads\/2025\/03\/1741901431594-8dff9ea7-9796-43e5-a7a3-9669f3943b4f_2-150x150.jpg 150w, https:\/\/Nadira.Kadusic.pages.hak-schwaz.at\/wp-content\/uploads\/2025\/03\/1741901431594-8dff9ea7-9796-43e5-a7a3-9669f3943b4f_2-768x771.jpg 768w, https:\/\/Nadira.Kadusic.pages.hak-schwaz.at\/wp-content\/uploads\/2025\/03\/1741901431594-8dff9ea7-9796-43e5-a7a3-9669f3943b4f_2-299x300.jpg 299w\" sizes=\"auto, (max-width: 1020px) 100vw, 1020px\" \/><\/figure>\n\n\n\n<figure class=\"wp-block-image size-large\"><img loading=\"lazy\" decoding=\"async\" width=\"1020\" height=\"1024\" data-id=\"108\" src=\"https:\/\/Nadira.Kadusic.pages.hak-schwaz.at\/wp-content\/uploads\/2025\/03\/1741901431594-8dff9ea7-9796-43e5-a7a3-9669f3943b4f_3.jpg\" alt=\"\" class=\"wp-image-108\" srcset=\"https:\/\/Nadira.Kadusic.pages.hak-schwaz.at\/wp-content\/uploads\/2025\/03\/1741901431594-8dff9ea7-9796-43e5-a7a3-9669f3943b4f_3.jpg 1020w, https:\/\/Nadira.Kadusic.pages.hak-schwaz.at\/wp-content\/uploads\/2025\/03\/1741901431594-8dff9ea7-9796-43e5-a7a3-9669f3943b4f_3-300x300.jpg 300w, https:\/\/Nadira.Kadusic.pages.hak-schwaz.at\/wp-content\/uploads\/2025\/03\/1741901431594-8dff9ea7-9796-43e5-a7a3-9669f3943b4f_3-150x150.jpg 150w, https:\/\/Nadira.Kadusic.pages.hak-schwaz.at\/wp-content\/uploads\/2025\/03\/1741901431594-8dff9ea7-9796-43e5-a7a3-9669f3943b4f_3-768x771.jpg 768w, https:\/\/Nadira.Kadusic.pages.hak-schwaz.at\/wp-content\/uploads\/2025\/03\/1741901431594-8dff9ea7-9796-43e5-a7a3-9669f3943b4f_3-299x300.jpg 299w\" sizes=\"auto, (max-width: 1020px) 100vw, 1020px\" \/><\/figure>\n<\/figure>\n\n\n\n<hr class=\"wp-block-separator has-alpha-channel-opacity\"\/>\n\n\n\n<h3 class=\"wp-block-heading\"><strong>6. Modul<\/strong><\/h3>\n\n\n\n<p>Im sechsten Modul haben wir gelernt, wie man Texte in einem Layout richtig anordnet. Wir haben gelernt, wie wichtig ein Schriftmix ist, um ein professionelles Design zu schaffen. Wir haben mit dem Textumfluss gearbeitet, bei dem der Text um Bilder herumflie\u00dft, um das Layout ansprechender zu machen. Au\u00dferdem haben wir Postkarten gestaltet und dabei verschiedene Schriftarten und Farben ausprobiert. Ein Highlight war die Erstellung eines interaktiven PDFs. Es enth\u00e4lt Grafiken, ein Kontaktformular und eine Videodatei und hier haben wir das Gelernte anwenden k\u00f6nnen.<\/p>\n\n\n\n<figure class=\"wp-block-gallery has-nested-images columns-default is-cropped wp-block-gallery-2 is-layout-flex wp-block-gallery-is-layout-flex\">\n<figure class=\"wp-block-image size-large\"><img loading=\"lazy\" decoding=\"async\" width=\"723\" height=\"1024\" data-id=\"117\" src=\"https:\/\/Nadira.Kadusic.pages.hak-schwaz.at\/wp-content\/uploads\/2025\/03\/1741901304883-e87ed61c-949e-42ce-a621-859dbfe5a509_1-1.jpg\" alt=\"\" class=\"wp-image-117\" srcset=\"https:\/\/Nadira.Kadusic.pages.hak-schwaz.at\/wp-content\/uploads\/2025\/03\/1741901304883-e87ed61c-949e-42ce-a621-859dbfe5a509_1-1.jpg 723w, https:\/\/Nadira.Kadusic.pages.hak-schwaz.at\/wp-content\/uploads\/2025\/03\/1741901304883-e87ed61c-949e-42ce-a621-859dbfe5a509_1-1-212x300.jpg 212w\" sizes=\"auto, (max-width: 723px) 100vw, 723px\" \/><\/figure>\n\n\n\n<figure class=\"wp-block-image size-large\"><img loading=\"lazy\" decoding=\"async\" width=\"723\" height=\"1024\" data-id=\"116\" src=\"https:\/\/Nadira.Kadusic.pages.hak-schwaz.at\/wp-content\/uploads\/2025\/03\/1741901358217-c844994b-c57c-4857-864c-80a5f4c14517_1-2.jpg\" alt=\"\" class=\"wp-image-116\" srcset=\"https:\/\/Nadira.Kadusic.pages.hak-schwaz.at\/wp-content\/uploads\/2025\/03\/1741901358217-c844994b-c57c-4857-864c-80a5f4c14517_1-2.jpg 723w, https:\/\/Nadira.Kadusic.pages.hak-schwaz.at\/wp-content\/uploads\/2025\/03\/1741901358217-c844994b-c57c-4857-864c-80a5f4c14517_1-2-212x300.jpg 212w\" sizes=\"auto, (max-width: 723px) 100vw, 723px\" \/><\/figure>\n<\/figure>\n\n\n\n<p><\/p>\n\n\n\n<figure class=\"wp-block-gallery has-nested-images columns-default is-cropped wp-block-gallery-3 is-layout-flex wp-block-gallery-is-layout-flex\">\n<figure class=\"wp-block-image size-full\"><img loading=\"lazy\" decoding=\"async\" width=\"723\" height=\"1024\" data-id=\"121\" src=\"https:\/\/Nadira.Kadusic.pages.hak-schwaz.at\/wp-content\/uploads\/2025\/03\/1741901348841-596f7160-c32b-4fe2-803a-d0e7f24f3119_1-2.jpg\" alt=\"\" class=\"wp-image-121\" srcset=\"https:\/\/Nadira.Kadusic.pages.hak-schwaz.at\/wp-content\/uploads\/2025\/03\/1741901348841-596f7160-c32b-4fe2-803a-d0e7f24f3119_1-2.jpg 723w, https:\/\/Nadira.Kadusic.pages.hak-schwaz.at\/wp-content\/uploads\/2025\/03\/1741901348841-596f7160-c32b-4fe2-803a-d0e7f24f3119_1-2-212x300.jpg 212w\" sizes=\"auto, (max-width: 723px) 100vw, 723px\" \/><\/figure>\n\n\n\n<figure class=\"wp-block-image size-full\"><img loading=\"lazy\" decoding=\"async\" width=\"723\" height=\"1024\" data-id=\"120\" src=\"https:\/\/Nadira.Kadusic.pages.hak-schwaz.at\/wp-content\/uploads\/2025\/03\/image.jpeg\" alt=\"This image has an empty alt attribute; its file name is 1741901312148-9714d19f-fb52-411a-ac7c-7f1e5eb65009_1-1.jpg\" class=\"wp-image-120\" srcset=\"https:\/\/Nadira.Kadusic.pages.hak-schwaz.at\/wp-content\/uploads\/2025\/03\/image.jpeg 723w, https:\/\/Nadira.Kadusic.pages.hak-schwaz.at\/wp-content\/uploads\/2025\/03\/image-212x300.jpeg 212w\" sizes=\"auto, (max-width: 723px) 100vw, 723px\" \/><\/figure>\n<\/figure>\n\n\n\n<p><strong>Textumfluss:<\/strong><\/p>\n\n\n\n<figure class=\"wp-block-gallery has-nested-images columns-default is-cropped wp-block-gallery-4 is-layout-flex wp-block-gallery-is-layout-flex\">\n<figure class=\"wp-block-image size-large\"><img loading=\"lazy\" decoding=\"async\" width=\"724\" height=\"1024\" data-id=\"126\" src=\"https:\/\/Nadira.Kadusic.pages.hak-schwaz.at\/wp-content\/uploads\/2025\/03\/1741901401213-04482b2b-16bd-4e7f-8a1a-04ad222dbbfb_6-1.jpg\" alt=\"\" class=\"wp-image-126\" srcset=\"https:\/\/Nadira.Kadusic.pages.hak-schwaz.at\/wp-content\/uploads\/2025\/03\/1741901401213-04482b2b-16bd-4e7f-8a1a-04ad222dbbfb_6-1.jpg 724w, https:\/\/Nadira.Kadusic.pages.hak-schwaz.at\/wp-content\/uploads\/2025\/03\/1741901401213-04482b2b-16bd-4e7f-8a1a-04ad222dbbfb_6-1-212x300.jpg 212w\" sizes=\"auto, (max-width: 724px) 100vw, 724px\" \/><\/figure>\n\n\n\n<figure class=\"wp-block-image size-large\"><img loading=\"lazy\" decoding=\"async\" width=\"724\" height=\"1024\" data-id=\"127\" src=\"https:\/\/Nadira.Kadusic.pages.hak-schwaz.at\/wp-content\/uploads\/2025\/03\/1741901401213-04482b2b-16bd-4e7f-8a1a-04ad222dbbfb_7-1.jpg\" alt=\"\" class=\"wp-image-127\" srcset=\"https:\/\/Nadira.Kadusic.pages.hak-schwaz.at\/wp-content\/uploads\/2025\/03\/1741901401213-04482b2b-16bd-4e7f-8a1a-04ad222dbbfb_7-1.jpg 724w, https:\/\/Nadira.Kadusic.pages.hak-schwaz.at\/wp-content\/uploads\/2025\/03\/1741901401213-04482b2b-16bd-4e7f-8a1a-04ad222dbbfb_7-1-212x300.jpg 212w\" sizes=\"auto, (max-width: 724px) 100vw, 724px\" \/><\/figure>\n<\/figure>\n\n\n\n<p><strong>interaktives PDF<\/strong>:<\/p>\n\n\n\n<div data-wp-interactive=\"core\/file\" class=\"wp-block-file alignwide\"><object data-wp-bind--hidden=\"!state.hasPdfPreview\" hidden class=\"wp-block-file__embed\" data=\"https:\/\/Nadira.Kadusic.pages.hak-schwaz.at\/wp-content\/uploads\/2025\/04\/AA05_interaktives-PDF_Kadusic.pdf\" type=\"application\/pdf\" style=\"width:100%;height:550px\" aria-label=\"Embed of AA05_interaktives PDF_Kadusic.\"><\/object><a id=\"wp-block-file--media-3e7c314f-43e3-4813-bf5f-b77aef4f02ed\" href=\"https:\/\/Nadira.Kadusic.pages.hak-schwaz.at\/wp-content\/uploads\/2025\/04\/AA05_interaktives-PDF_Kadusic.pdf\">AA05_interaktives PDF_Kadusic<\/a><a href=\"https:\/\/Nadira.Kadusic.pages.hak-schwaz.at\/wp-content\/uploads\/2025\/04\/AA05_interaktives-PDF_Kadusic.pdf\" class=\"wp-block-file__button wp-element-button\" download aria-describedby=\"wp-block-file--media-3e7c314f-43e3-4813-bf5f-b77aef4f02ed\">Download<\/a><\/div>\n\n\n\n<p><\/p>\n","protected":false},"excerpt":{"rendered":"<p>Adobe InDesign Corporate Design 5. Modul In der dritten Klasse haben wir mit Adobe InDesign gearbeitet, einem Programm zur Gestaltung von Drucksachen wie Plakaten oder Brosch\u00fcren. Im ersten &hellip;<\/p>\n","protected":false},"author":1,"featured_media":0,"parent":17,"menu_order":0,"comment_status":"closed","ping_status":"closed","template":"","meta":{"footnotes":""},"class_list":["post-38","page","type-page","status-publish","hentry"],"_links":{"self":[{"href":"https:\/\/Nadira.Kadusic.pages.hak-schwaz.at\/index.php?rest_route=\/wp\/v2\/pages\/38","targetHints":{"allow":["GET"]}}],"collection":[{"href":"https:\/\/Nadira.Kadusic.pages.hak-schwaz.at\/index.php?rest_route=\/wp\/v2\/pages"}],"about":[{"href":"https:\/\/Nadira.Kadusic.pages.hak-schwaz.at\/index.php?rest_route=\/wp\/v2\/types\/page"}],"author":[{"embeddable":true,"href":"https:\/\/Nadira.Kadusic.pages.hak-schwaz.at\/index.php?rest_route=\/wp\/v2\/users\/1"}],"replies":[{"embeddable":true,"href":"https:\/\/Nadira.Kadusic.pages.hak-schwaz.at\/index.php?rest_route=%2Fwp%2Fv2%2Fcomments&post=38"}],"version-history":[{"count":8,"href":"https:\/\/Nadira.Kadusic.pages.hak-schwaz.at\/index.php?rest_route=\/wp\/v2\/pages\/38\/revisions"}],"predecessor-version":[{"id":362,"href":"https:\/\/Nadira.Kadusic.pages.hak-schwaz.at\/index.php?rest_route=\/wp\/v2\/pages\/38\/revisions\/362"}],"up":[{"embeddable":true,"href":"https:\/\/Nadira.Kadusic.pages.hak-schwaz.at\/index.php?rest_route=\/wp\/v2\/pages\/17"}],"wp:attachment":[{"href":"https:\/\/Nadira.Kadusic.pages.hak-schwaz.at\/index.php?rest_route=%2Fwp%2Fv2%2Fmedia&parent=38"}],"curies":[{"name":"wp","href":"https:\/\/api.w.org\/{rel}","templated":true}]}}